 to base 8.
-10
Convert -74 (base 11) to base 8.
-121
Convert -93 (base 10) to base 11.
-85
-76 (base 8) to base 6
-142
What is -230 (base 5) in base 2?
-1000001
-2 (base 16) to base 12
-2
What is -23 (base 6) in base 13?
-12
Convert -23 (base 6) to base 14.
-11
Convert -504 (base 6) to base 9.
-224
What is 87 (base 16) in base 9?
160
-3 (base 16) to base 14
-3
What is -10 (base 8) in base 5?
-13
What is 0 (base 9) in base 4?
0
Convert -11 (base 2) to base 9.
-3
2 (base 11) to base 9
2
-10 (base 7) to base 4
-13
Convert 1 (base 8) to base 2.
1
22 (base 5) to base 6
20
-6 (base 8) to base 16
-6
-1 (base 2) to base 8
-1
22 (base 8) to base 11
17
What is -140 (base 16) in base 14?
-18c
2 (base 6) to base 11
2
Convert -3 (base 4) to base 6.
-3
-33 (base 7) to base 13
-1b
What is 81 (base 9) in base 6?
201
Convert 57 (base 15) to base 11.
75
Convert 34 (base 11) to base 10.
37
Convert -10 (base 7) to base 9.
-7
What is 116 (base 8) in base 9?
86
Convert 21 (base 4) to base 3.
100
What is 122 (base 3) in base 7?
23
2 (base 13) to base 9
2
-253 (base 7) to base 10
-136
Convert 3 (base 14) to base 15.
3
What is 11000111 (base 2) in base 15?
d4
Convert -1a7 (base 12) to base 5.
-2041
Convert -4 (base 5) to base 16.
-4
-1 (base 6) to base 3
-1
3 (base 13) to base 12
3
2a (base 11) to base 15
22
4 (base 10) to base 15
4
-33 (base 6) to base 14
-17
What is -1 (base 7) in base 14?
-1
2 (base 15) to base 11
2
Convert 15 (base 11) to base 10.
16
7 (base 14) to base 7
10
What is -6 (base 10) in base 13?
-6
What is 1 (base 2) in base 7?
1
What is 4 (base 13) in base 10?
4
What is -15 (base 7) in base 12?
-10
-7c (base 15) to base 7
-225
What is 0 (base 6) in base 10?
0
What is 0 (base 11) in base 7?
0
0 (base 9) to base 10
0
What is 0 (base 4) in base 16?
0
What is -4 (base 13) in base 7?
-4
What is 5 (base 10) in base 6?
5
What is 2 (base 5) in base 6?
2
Convert -3 (base 15) to base 8.
-3
Convert 12 (base 8) to base 13.
a
What is -126 (base 11) in base 9?
-175
Convert -8 (base 13) to base 5.
-13
What is -4 (base 7) in base 10?
-4
Convert 0 (base 9) to base 15.
0
Convert -21 (base 16) to base 14.
-25
Convert 20 (base 7) to base 3.
112
What is -65 (base 9) in base 13?
-47
Convert -9 (base 11) to base 6.
-13
12 (base 4) to base 15
6
What is -9 (base 10) in base 13?
-9
6 (base 15) to base 2
110
Convert -2 (base 9) to base 14.
-2
Convert -3 (base 15) to base 14.
-3
What is 10 (base 7) in base 11?
7
What is 0 (base 7) in base 12?
0
Convert -113 (base 4) to base 3.
-212
-121 (base 14) to base 15
-100
-105 (base 8) to base 10
-69
What is -c (base 16) in base 6?
-20
Convert -c7 (base 14) to base 3.
-20111
What is -95 (base 14) in base 11?
-10a
Convert 25 (base 16) to base 5.
122
What is 3 (base 8) in base 2?
11
11101 (base 2) to base 3
1002
Convert 2 (base 10) to base 14.
2
What is -29 (base 15) in base 9?
-43
-3 (base 8) to base 7
-3
1 (base 11) to base 13
1
-2e (base 16) to base 5
-141
Convert -2 (base 8) to base 3.
-2
Convert 3 (base 9) to base 3.
10
Convert 1 (base 11) to base 14.
1
Convert 6 (base 13) to base 10.
6
Convert 130 (base 6) to base 4.
312
Convert 5 (base 11) to base 14.
5
Convert -10022 (base 3) to base 6.
-225
What is -5 (base 6) in base 15?
-5
40 (base 14) to base 7
110
102 (base 11) to base 15
83
-54 (base 14) to base 15
-4e
3 (base 4) to base 2
11
-11 (base 2) to base 12
-3
Convert 31 (base 8) to base 12.
21
-4 (base 7) to base 5
-4
1 (base 10) to base 3
1
2 (base 13) to base 11
2
What is -30 (base 8) in base 7?
-33
Convert -40 (base 13) to base 9.
-57
Convert 41 (base 15) to base 12.
51
What is 4 (base 7) in base 16?
4
Convert 52 (base 13) to base 14.
4b
-222 (base 3) to base 5
-101
-4 (base 6) to base 15
-4
Convert -1 (base 6) to base 3.
-1
-53 (base 11) to base 13
-46
Convert -2 (base 9) to base 3.
-2
Convert -11 (base 13) to base 7.
-20
Convert 75 (base 9) to base 14.
4c
What is 5 (base 14) in base 10?
5
Convert 10113 (base 4) to base 8.
427
12 (base 16) to base 3
200
Convert -1 (base 15) to base 14.
-1
What is 10 (base 10) in base 9?
11
What is 120 (base 4) in base 6?
40
Convert -5 (base 16) to base 6.
-5
What is -1b (base 13) in base 2?
-11000
Convert -12 (base 6) to base 2.
-1000
Convert -1 (base 14) to base 7.
-1
Convert 6 (base 15) to base 13.
6
Convert -8 (base 12) to base 10.
-8
75 (base 8) to base 15
41
What is 13a (base 13) in base 4?
3122
1 (base 6) to base 9
1
Convert -12 (base 3) to base 12.
-5
Convert -100110 (base 2) to base 15.
-28
Convert 34 (base 15) to base 6.
121
Convert 13 (base 4) to base 8.
7
-d (base 14) to base 4
-31
What is -332 (base 4) in base 16?
-3e
What is -103 (base 8) in base 4?
-1003
What is -3 (base 16) in base 5?
-3
Convert -5 (base 11) to base 16.
-5
Convert 7e (base 16) to base 8.
176
What is -2 (base 7) in base 4?
-2
Convert 2 (base 7) to base 12.
2
10 (base 16) to base 5
31
What is 1 (base 4) in base 7?
1
Convert 88 (base 11) to base 16.
60
Convert -2 (base 9) to base 13.
-2
Convert 5 (base 16) to base 2.
101
Convert 4 (base 15) to base 12.
4
Convert 22 (base 3) to base 2.
1000
3 (base 7) to base 5
3
What is 1221 (base 3) in base 10?
52
Convert 0 (base 13) to base 9.
0
-1 (base 3) to base 16
-1
45 (base 6) to base 11
27
What is -6 (base 9) in base 2?
-110
1 (base 8) to base 11
1
What is -14 (base 7) in base 12?
-b
What is -1 (base 4) in base 16?
-1
Convert 87 (base 13) to base 15.
76
-3 (base 7) to base 9
-3
3 (base 14) to base 15
3
Convert -b (base 14) to base 9.
-12
Convert -76 (base 16) to base 3.
-11101
2 (base 10) to base 8
2
-23 (base 10) to base 8
-27
6 (base 10) to base 4
12
Convert 3 (base 10) to base 7.
3
Convert 10 (base 11) to base 15.
b
What is -67 (base 9) in base 14?
-45
What is -10221 (base 4) in base 6?
-1213
Convert 3 (base 15) to base 13.
3
Convert -2 (base 9) to base 8.
-2
-21 (base 10) to base 3
-210
37 (base 16) to base 5
210
20 (base 8) to base 6
24
-43 (base 5) to base 4
-113
Convert 13 (base 8) to base 12.
b
What is 157 (base 11) in base 9?
223
What is -1010 (base 2) in base 16?
-a
What is 14 (base 9) in base 12?
11
Convert -14 (base 11) to base 4.
-33
2 (base 13) to base 2
10
What is 1111 (base 2) in base 11?
14
34 (base 6) to base 7
31
11 (base 3) to base 9
4
What is -4 (base 11) in base 16?
-4
Convert 7 (base 15) to base 12.
7
-15 (base 7) to base 2
-1100
What is -311 (base 6) in base 7?
-223
What is 11 (base 3) in base 9?
4
Convert 2203 (base 4) to base 6.
431
-1000 (base 2) to base 15
-8
What is -8a (base 13) in base 12?
-96
-3 (base 11) to base 6
-3
What is 0 (base 10) in base 8?
0
What is -67 (base 16) in base 8?
-147
7 (base 11) to base 7
10
Convert 0 (base 9) to base 6.
0
What is 11021 (base 3) in base 7?
223
-2 (base 10) to base 13
-2
Convert -b (base 14) to base 2.
-1011
3 (base 12) to base 16
3
Convert 25 (base 7) to base 9.
21
What is -5 (base 10) in base 14?
-5
What is -17 (base 15) in base 2?
-10110
What is -2 (base 10) in base 8?
-2
-302 (base 4) to base 9
-55
-5 (base 16) to base 8
-5
27 (base 13) to base 16
21
What is 2303 (base 5) in base 3?
110011
-17 (base 9) to base 13
-13
-2 (base 9) to base 2
-10
Convert -3 (base 9) to base 10.
-3
What is -1 (base 13) in base 14?
-1
What is 15 (base 11) in base 8?
20
What is -4 (base 10) in base 11?
-4
Convert -10 (base 4) to base 3.
-11
What is -3 (base 13) in base 6?
-3
What is -125 (base 10) in base 12?
-a5
-2 (base 10) to base 12
-2
Convert 1 (base 3) to base 10.
1
Convert 11 (base 2) to base 15.
3
100 (base 2) to base 8
4
What is -102 (base 6) in base 13?
-2c
What is 52 (base 7) in base 4?
211
What is -2113 (base 4) in base 11?
-128
Convert a (base 14) to base 3.
101
What is 0 (base 16) in base 8?
0
Convert -1 (base 4) to base 3.
-1
Convert 2 (base 10) to base 2.
10
What is -560 (base 7) in base 9?
-348
-12 (base 7) to base 12
-9
11101 (base 2) to base 7
41
Convert 1 (base 11) to base 10.
1
-211 (base 3) to base 8
-26
Convert 4 (base 10) to base 4.
10
Convert 4 (base 14) to base 13.
4
1 (base 3) to base 2
1
What is -121 (base 3) in base 7?
-22
6 (base 12) to base 3
20
ba (base 13) to base 6
413
What is -12 (base 5) in base 3?
-21
What is 16 (base 13) in base 14?
15
1105 (base 6) to base 13
16a
What is -3 (base 15) in base 11?
-3
Convert -21 (base 7) to base 11.
-14
What is -30 (base 6) in base 15?
-13
-307 (base 1